). What is the highest common divisor of 195 and w?
39
Let j be (0 + 24)*(-13 - -17). Calculate the highest common divisor of 240 and j.
48
Suppose -5*q = 16 - 86. Suppose 2*t - 3*i - 360 + 344 = 0, -i = t + 2. Calculate the greatest common factor of t and q.
2
Let o(q) = -q**3 + 5*q**2 + 5*q - 2. Let d be o(4). Let s = d - 25. What is the highest common factor of s and 63?
9
Let g = -2 + -1. Let o(k) = k**3 + 5*k**2 + 2*k - 1. Let z be o(g). What is the highest common factor of z and 33?
11
Let h(q) = -13*q + 522. Let y be h(38). What is the greatest common divisor of y and 1022?
14
Suppose -3*a + 8*a - 15 = 0. Let o(f) = f - 8. Let v be o(10). Suppose -v*w - a*w + 3*p = -230, -p = -5*w + 240. What is the highest common factor of w and 7?
7
Let n be ((-4)/(-6))/(4/48). Let j be -2 + 4 - -18 - (1 + 0). Let u = -3 + j. What is the highest common factor of n and u?
8
Suppose 0 = -0*s + 3*s - 912. Calculate the greatest common divisor of 19 and s.
19
Suppose 2*m - 74 = -56. Suppose d - 5*h = -2*h + m, -2*d = -3*h - 27. Calculate the greatest common factor of d and 3.
3
Suppose 2*b - 2362 = -4*q, 5*q = -5*b + 539 + 2421. Calculate the highest common divisor of 31 and q.
31
Let q(z) = 2*z + 2. Let x be q(4). Suppose 15*v - x*v - 210 = 0. Calculate the highest common divisor of 14 and v.
14
Let x be (5 + -1)/(1 - 3) + 42. Let m be 1 - (1 + (1 - 11)). What is the highest common divisor of m and x?
10
Let s = 2204 - 856. Calculate the greatest common factor of s and 4.
4
Let i be (-1176)/(-54) - 6/(-27). Let m = -19 + i. Let h = 330 + m. What is the highest common divisor of 37 and h?
37
Suppose -2*b + 24 = 4*k, 5*b = -2*k + 50 - 14. Let h(l) = 101*l**3 + 16*l**2 - 19*l + 4. Let o be h(1). Calculate the highest common divisor of o and b.
6
Suppose -3147 = -17*i + 1188. What is the highest common divisor of 680 and i?
85
Suppose 1514 = 16*l + 474. What is the greatest common factor of 1105 and l?
65
Let v be ((-2)/3)/((-6)/18). Suppose -3*s = -q + 46, 0*q - v*q + 57 = s. Calculate the highest common factor of 62 and q.
31
Suppose d - 4 = 4. Suppose -x - 3*x + 556 = 0. Suppose -4*o - 4*l + 9 = -x, -4*l = 12. Calculate the highest common factor of o and d.
8
Suppose 4*u - 3*u + 76 = 0. Let p = 111 + u. What is the greatest common divisor of p and 21?
7
Suppose 198 = -5*b + 6*b - u, -3*u - 790 = -4*b. Calculate the greatest common factor of b and 4.
4
Suppose 32*b - 130 = 27*b. What is the highest common factor of b and 221?
13
Let g be (-8)/(-12) - 1529*(-12)/18. What is the highest common divisor of g and 120?
60
Let l(q) = -3*q + 82. Let j be l(20). What is the highest common divisor of j and 253?
11
Let p = -71 + 64. Let v be ((-5)/4)/((6 + p)/4). What is the greatest common factor of v and 5?
5
Let p be (6/8)/(4/80). Let b = 7 - p. Let a = 26 + b. What is the highest common factor of a and 126?
18
Suppose -5*c + 13 = -7. Suppose -4*w = 8, -w + 19 = c*a - a. Suppose 16 = 2*q - 2*g + 6*g, -5*g = -2*q + a. What is the greatest common divisor of q and 9?
3
Let t = 254 + -229. Let g = 1 + 4. What is the highest common factor of g and t?
5
Let w(a) = 42*a**2 - 4*a + 2. Let u be w(1). Calculate the greatest common factor of u and 90.
10
Suppose 99 = -2*m - 31. Let g = 125 + m. Calculate the highest common factor of g and 80.
20
Let d = 5748 - 3454. Calculate the highest common divisor of d and 124.
62
Let j be (0 + 15)*96/80. What is the highest common factor of 297 and j?
9
Let d be -1 + 27 - (9 - 7). Let h be (-1 - -59) + 2/1. Calculate the greatest common divisor of h and d.
12
Let g(d) = 9*d**2 + 27*d + 167. Let j be g(-8). Calculate the highest common factor of j and 31.
31
Suppose -5*v + 2652 = -3*i, 20*v - 5*i = 21*v - 508. What is the greatest common divisor of v and 99?
33
Suppose 4*q - 2*f - 154 = 0, 23*q - 18*q = -3*f + 220. Let n(o) = o**3 + o**2 + o + 369. Let h be n(0). Calculate the highest common divisor of q and h.
41
Suppose -248 = -3*p + 82. Calculate the greatest common divisor of 160 and p.
10
Suppose 4 = -3*w + 28. Let c = w + -11. Let l be 630/(-20)*2/c. What is the highest common divisor of 14 and l?
7
Let o(t) = 3*t**2 - t - 1. Let c be o(-2). Suppose y - 7007 = 15*y - 63*y. Calculate the greatest common divisor of y and c.
13
Let y be 14 + (-3*(-3)/3 - -1). Let u = y + 10. What is the greatest common divisor of u and 196?
28
Suppose 2*d - 6 = -4*b, 5*b + 2*d = -3*d. Let l be 1 + 22 + -6 + b. Suppose -c - 120 = -5*c. Calculate the highest common divisor of c and l.
10
Let t be (28/(-8) - -5)*28/(-3). Let o(k) = k**3 + 15*k**2 + 11*k - 24. Let h be o(t). What is the highest common factor of 18 and h?
18
Suppose -s = -68*s + 938. What is the highest common factor of s and 686?
14
Suppose 52*g - 3424 = 48*g. What is the greatest common divisor of 8 and g?
8
Let h(q) = -q**3 + 52*q**2 - 57*q + 334. Let y be h(51). What is the greatest common factor of 1050 and y?
14
Let k(w) = -w**2 + 13*w - 5. Let t be k(6). Let s = -19 + t. Suppose -2*j + 0*h - 5*h = -43, 2*h = 10. What is the highest common factor of j and s?
9
Suppose 72 = 5*x - 28. Let v be ((-42)/10*-2)/(93/1550). What is the highest common factor of x and v?
20
Let q be -1 + 24 + -1 - 6. Calculate the greatest common factor of 288 and q.
16
Suppose 0 = -8*v - 10*v + 864. What is the greatest common factor of 16 and v?
16
Suppose 24*o - 28*o + x + 1214 = 0, 5*x + 902 = 3*o. Calculate the highest common divisor of 19 and o.
19
Let f = -347 - -381. Calculate the highest common divisor of f and 119.
17
Let f be ((3 - -1) + -3)*30/10. What is the highest common factor of f and 114?
3
Let s = 23 - 20. Suppose 1 = u - s*f - 1, 0 = -3*f. Suppose 4*j - i + 0*i - 59 = 0, -4*i + 52 = u*j. Calculate the greatest common divisor of j and 24.
8
Suppose -14*b = -20*b + 120. Let w(t) = 18*t**3 - 2*t. Let m be w(-2). Let k = 320 + m. Calculate the highest common factor of b and k.
20
Let p(g) = g**3 - 3*g**2 - 8*g - 4. Let j be p(8). Calculate the greatest common divisor of 364 and j.
28
Let x = 74 + -44. Let q(l) = l + 2. Let z be q(18). Calculate the greatest common divisor of x and z.
10
Let j(a) = 9*a + 9. Let b be j(-17). Let v = -133 - b. Calculate the highest common factor of 22 and v.
11
Suppose 0 = -5*v - 25, 0*t = t - v + 1. Let y be (-6620)/(-85) - t/51. Suppose 2*z - 5*z + y = 0. What is the highest common factor of 13 and z?
13
Let r = -220 + 259. Calculate the greatest common divisor of 104 and r.
13
Let n = -62 - -351. What is the highest common factor of 51 and n?
17
Suppose 134 = 12*d - 118. What is the greatest common factor of 15 and d?
3
Suppose 0 = -21*q + 38*q - 102. Calculate the greatest common factor of q and 51.
3
Let a(j) = -j**3 + 4*j**2 - 2*j - 2. Let c be a(2). Suppose -m + 100 = v, 3*m + c*v = -m + 404. What is the highest common factor of m and 6?
6
Let z(b) = -11*b - 107. Let j be z(-12). What is the greatest common divisor of j and 1?
1
Let w(r) = 8*r + 34. Let p be w(-3). What is the greatest common factor of 250 and p?
10
Suppose 16*x + 64 = 20*x. Let c = 16 + x. What is the greatest common factor of 4 and c?
4
Suppose -296*y - 264 = -340*y. Let m = 10 - -5. What is the greatest common divisor of m and y?
3
Suppose -2*k + 31 = 13. Let q = -5 + k. Let u = q + 0. What is the greatest common factor of u and 28?
4
Suppose 2*v = -2*d + 6, -2*d + v + 6 = -3. Suppose 0*w + 56 = d*w. Let l = 67 - 46. Calculate the highest common factor of l and w.
7
Let k be 14 - (-15)/(10/2). Suppose -k = 5*h - 82. Calculate the greatest common factor of h and 104.
13
Let w be 28/(-1 + (4 - 4)). Let v be (-70)/w*28/5. What is the highest common divisor of v and 154?
14
Suppose 3*p = z + 387, -2*z + 4*z = p - 124. Suppose 2*o + p = 3*j, -2*j - 36 = -3*j - 3*o. Let m = -19 + j. Calculate the greatest common divisor of 23 and m.
23
Let p = -30 + 53. Let q = p - 8. Suppose 3*t - 794 = -5*g - 116, -404 = -3*g + t. Calculate the highest common factor of q and g.
15
Suppose -423*w + 422*w + 5 = 0. Calculate the greatest common factor of w and 6.
1
Let o be 8/(-2)*(10 - 2). Let c = o - -68. Suppose -2*q = -2*s - 26, 0 = -q - 0*s - s + 11. What is the greatest common factor of q and c?
12
Let v(n) = 10*n - 39. Suppose 56*y = 55*y + 6. Let u be v(y). Calculate the highest common factor of u